f -1 - z - (-274 - -4)?
6
Suppose 2*a + 1953 = p, -3927 = 8*a - 4*a + 5*p. Let r = a - -1795. What is the units digit of r?
7
Let a be -12*(18/36)/((-3)/4). Let t(z) = 8*z**3 - 34*z**2 - 17*z + 8. What is the units digit of t(a)?
2
Suppose -2*j + 12 = -2*m, j + 3*m - 28 = -10. Suppose j*v - 24 = 6*v. Suppose -222 = 2*o - v*o. What is the units digit of o?
7
Let o = 12831 - 4583. What is the hundreds digit of o?
2
Suppose -1 = -8*m + 31. Let r be (1 - (m - 3)) + 7249. What is the tens digit of 6/(-27) - r/(-99)?
7
Let n be ((-21924)/15)/(2/(-10)). Suppose -w - 5*u + 1818 = -4*u, -4*w + 5*u = -n. What is the tens digit of w?
2
Let o be (17 - -7)*(-105)/(-12). Suppose -215*m = -o*m - 2255. What is the hundreds digit of m?
4
What is the ten thousands digit of (-11 - 398/3)/((-1)/228)?
3
Suppose 3*m = 5*m - 328. Suppose 3*y + 2*g = 6*y - 96, -5*y = -2*g - m. Suppose -3*j + 44 = -y. What is the tens digit of j?
2
Suppose -11*f + 3 = -19. Let u be (f - 2) + 2 + (175 - 10). Suppose -i = -2*t + 5*t - u, -15 = -5*t. What is the tens digit of i?
5
Let q = -60858 + 108245. What is the ten thousands digit of q?
4
Suppose -5*s + 3*z = -228719, 603*z = -2*s + 605*z + 91486. What is the units digit of s?
5
Suppose m + 3*k = 9, -3*m + 6*m + 2*k = 6. Let u(t) = -t + 86. Let r be u(m). What is the tens digit of (-9)/((-9)/r) - 4?
8
Suppose 5*i + 10 = 2650. Let t = i - 329. What is the hundreds digit of (t - 2) + (-6 - -7)?
1
Suppose 5*x - 8683 = -3*y + 5319, 3*x + 13938 = 3*y. What is the thousands digit of y?
4
Let w(s) = -2*s**2 + 34*s + 1. Let x be w(16). Let g be ((-4)/6)/(22/x). What is the units digit of (g/(-2))/(2/596)?
9
Let l(a) = 11*a - 17*a**2 + 5*a - 222 + a**3 + 226. Let j be l(16). Suppose 2*x + f = 219, j*x = x - 2*f + 330. What is the units digit of x?
8
Let t(i) = 6 + 0*i**2 + 10*i**2 - i**3 - i**2 - 4*i. Let m be (-48)/(-9)*(-9)/(-6). What is the tens digit of t(m)?
3
Let l(n) be the third derivative of n**6/60 + n**5/12 - n**4/12 - n**3/3 - 46*n**2. Suppose 4*q - 3 = 9. What is the tens digit of l(q)?
9
Suppose -a = 23 - 17. What is the tens digit of (((-4023)/(-4))/(-9))/(a/32)?
9
Let i = 19058 + 1681. What is the tens digit of i?
3
Suppose 349 = -5*n - 4*z, -5*n = -8*n - z - 208. What is the hundreds digit of 3112/(-6)*n/46?
7
Let f = -50 + 53. Let k be (f + 0 + -4)/((-2)/6). Suppose k*x + 407 = 5*x - 3*c, -c = 5*x - 1060. What is the units digit of x?
1
Suppose 2*l - 152734 = -3*s, -47*s + 45*s - 2*l + 101822 = 0. What is the ten thousands digit of s?
5
What is the tens digit of -7322*2*(-143)/286?
2
Suppose 2*p - 50 = -2*p + 3*r, 4 = -2*r. Suppose 6*h - 4573 = -p*h. What is the hundreds digit of h?
2
Suppose 0 = -r + 3*k + 6, 3*k - 4*k - 2 = -5*r. Let y = 175 - 157. Suppose r = y*q - 1940 - 1894. What is the units digit of q?
3
Let l = -4742 - -10570. What is the thousands digit of l?
5
Suppose 0 = -0*q - 9*q + 396. Let v be (q/110)/(((-2)/(-10))/1). Suppose -3*o = o + 4, -3*h + v*o + 134 = 0. What is the units digit of h?
4
Let l(k) = 6*k - 87. Let m be l(17). Suppose 0 = m*z - 0*z - 3645. What is the units digit of z?
3
Let u(w) = 20*w**2 + 18*w - 3. Let n be u(-10). Let z = 2545 - n. Suppose -3*i - 4*i = -z. What is the tens digit of i?
0
Let u be (-1)/(2/(-1708)) - (-8 + 9). Let r = u + -90. What is the tens digit of r?
6
Let t(c) = 25*c**2 + 7*c - 8. Let b be t(-7). Suppose -2738 - b = -6*q. What is the units digit of q/7 + 12/(-3)?
9
Suppose -53 = 11*h + 46. What is the units digit of (1/(-3))/(h/1323)?
9
Suppose 3*i - 1370 = -4*o, 2*o = 27*i - 23*i - 1834. Suppose -2*m - 1 = -5, 0 = 2*l - 3*m - i. What is the units digit of l?
2
Suppose 13*k - 2*k - 22 = 0. Suppose k*r = 646 - 134. What is the tens digit of r?
5
Suppose j - 4 = 0, 0 = -5*c - 2*j + 2828 + 15860. What is the units digit of c?
6
Suppose -4*z = 7*z + 429. Let d = -37 - z. Suppose -11*y + d*y + 1215 = 0. What is the hundreds digit of y?
1
Let p be ((-22)/55)/((-4)/(-360)). What is the units digit of (-29760)/p*(6/5)/1?
2
Let p = 938 - 379. Let n = p - 264. What is the hundreds digit of n?
2
Let m(h) = 32*h**2 - 5*h - 11. Let f = 97 + -102. What is the hundreds digit of m(f)?
8
Let o = 81412 + -47228. What is the tens digit of o?
8
Let u = -1127 - -1850. Let k = u - 130. What is the tens digit of k?
9
Suppose v + 5*g = 3910, 5*v - 7796 = 3*v - 4*g. What is the tens digit of v?
9
Let f(s) = -34*s - 653. What is the units digit of f(-21)?
1
Let b(t) = 18*t - 35. Let u be b(8). Suppose -2*c + 6 = -2*n, 4*c = n - 0 + 18. Suppose -2*f + n*y + 293 = u, -4*f + 364 = -5*y. What is the tens digit of f?
9
Let y(h) = -h**3 - 25*h**2 + 304*h + 63. What is the tens digit of y(-51)?
8
Let k(j) = 5*j**2 - 25*j - 25. Suppose -22 = -i - 10. What is the hundreds digit of k(i)?
3
Let j = -710 - -1412. Let o = j + -268. What is the units digit of o?
4
Let y(w) be the third derivative of 11*w**4/6 + 5*w**3/3 + 18*w**2. Let q be y(-3). Let d = q + 227. What is the tens digit of d?
0
Let l = -40 + 43. Suppose -348 = -2*f + 3*m, l*f = 4*f + 2*m - 188. Let u = -122 + f. What is the units digit of u?
8
Suppose 0*r - 2*r = 30. Let z(t) be the second derivative of -t**4/12 - 16*t**3/3 - 2*t**2 - 9155*t. What is the hundreds digit of z(r)?
2
Let q(h) = h**3 + 6*h**2 + h + 3. Suppose -2*v - 5*v = -35. Suppose 7 = -4*d - v. What is the units digit of q(d)?
7
Suppose 0 = -2*m + 6*m - 8. Suppose -6*a = -2*a + m*f - 114, f = 3. What is the tens digit of 2247/a + 6/(-27)?
8
Let b(g) be the third derivative of -g**6/3 - g**5/10 + g**4/12 - 2*g**3/3 - 98*g**2. What is the units digit of b(-3)?
6
Let v(y) = 15*y - 18. Let m = -64 - -46. Let w = m + 26. What is the hundreds digit of v(w)?
1
Suppose h - 13 = 2*y, -2*y = h + 9 - 2. Suppose v - 61 = 4*d, -136 = -h*v + 2*d + 7. What is the tens digit of v?
4
Let p(n) = -n**2 - n + 1. Let v be p(0). Suppose 0 = -4*x - 2*y - 3*y + 71, 4*y = 12. What is the units digit of ((-7)/x)/(v/(-74))?
7
Suppose -556 = -5*y - 26. Suppose 2*n + y = 4*n. Let r = 46 + n. What is the units digit of r?
9
Suppose -12*u + 10339 + 2357 = 0. Let i be -1 - 10/(-12) - u/(-12). Suppose j - i = 80. What is the units digit of j?
8
Let y(k) = 80*k**2 + 14*k**3 + 1 + 0 - 82*k**2 - k. Let w be y(1). Suppose -8*o + 5*o = -w, p + 2*o - 56 = 0. What is the tens digit of p?
4
Let c = 26871 - 7816. What is the ten thousands digit of c?
1
Let t(c) = c**3 - 18*c**2 + 2*c + 15. Let n be t(18). Suppose -4*o = -n - 5. Suppose -o*v = -15*v + 56. What is the units digit of v?
6
What is the units digit of 16911 + 1 + 15 + 0?
7
Suppose 8*h = 27 - 3. Suppose o + 0*n - h*n = 386, -5*o + 1911 = 4*n. What is the units digit of o?
3
Let j be 15*(-6)/(-30) + 2. Suppose 8*t - 4*t + 5*l - 4599 = 0, 0 = -j*t + 4*l + 5800. What is the units digit of t?
6
Suppose 2021700 - 691391 = 212*x - 1164719. What is the units digit of x?
9
Suppose 3*q + 5*d = 170, 2*q + 2*d = 3*q - 75. Suppose 2*f - f - q = 0. Suppose 2*a = 553 - f. What is the tens digit of a?
4
Let d = 25 + -17. Suppose -5*q + 11 = -179. Let l = d + q. What is the tens digit of l?
4
Let h = 63 + -60. Suppose -14*c - h = -15*c. What is the tens digit of (-20)/15 - (-160)/c?
5
Let p(s) = 3*s**2. Let c be p(1). Let m be 15*5/c*(-2)/(-5). Let u(v) = -v**2 + 19*v - 23. What is the tens digit of u(m)?
6
Let b(u) = u + 22. Let z be b(-19). What is the units digit of (-46)/(12/z*1/(-2))?
3
What is the hundreds digit of (-27183)/34*((-3)/9 - 103/3)?
7
Suppose 0 = 4*y - 3*c - 1128, 1120 = -0*y + 4*y - 5*c. Suppose -5*d = 3*n - 2*d - y, -3*n + d + 273 = 0. What is the units digit of n?
2
Let d(h) = h**3 - 13*h**2 + 17*h - 11. Let g(q) = -23*q - 126. Let r be g(-6). What is the units digit of d(r)?
9
Let m = 20332 - -14683. What is the ten thousands digit of m?
3
Let b(r) = -43*r - 43*r - 65 + 26*r - 2*r + 17 - r**2. What is the units digit of b(-29)?
9
Let p(g) = -1 + 50*g + 9 + 39*g. What is the units digit of p(3)?
5
Let g(m) = -3*m**2 - 17*m + 18. Let n(h) = 7*h**2 + 35*h - 37. Let q(f) = 13*g(f) + 6*n(f). Let v be q(5). Suppose -v = -2*c - 8. What is the units digit of c?
2
Let o = 23087 + -23175. Let a(p) = -p**3 - p**2 - p + 1. Let h be a(0). What is the hundreds digit of (1474/o)/(h/(-12))?
2
Let g(v) = 6*v + 43. Let t be g(-10). Let b = t - -43. Suppose -m 